h. Suppose -v + 4*z = m, -v = v + 5*z - 41. What are the prime factors of v?
2
Let r be 12/10*10/4. Suppose 0 = -r*n + 7*n - 92. List the prime factors of n.
23
Let w(q) = -8*q**3 - 1. List the prime factors of w(-1).
7
Let t be 5 + -5 + (-10)/(-2). Suppose -90 = -5*l + t. List the prime factors of l.
19
Let o(m) = -m - 5. Let z be o(-5). Suppose 10*w - 5*w - 10 = 0. What are the prime factors of z - (-1 - 4*w)?
3
What are the prime factors of (4/(-30)*-3)/(6/1020)?
2, 17
List the prime factors of (-27160)/(-65) + (-8)/(-52).
2, 11, 19
Suppose -5*f - 1 + 6 = 0. Let x be 0*(1/(-1))/(-1). What are the prime factors of (f - x)*(-16)/(-2)?
2
Let d = -17 + 46. What are the prime factors of d?
29
Suppose 4*x + 19 = -13. Let s(h) = -h**3 - 7*h**2 + 8*h + 11. List the prime factors of s(x).
11
Let o(b) = b**2 - b - 10. List the prime factors of o(11).
2, 5
Suppose 4*k - 4*r + 174 = 610, -12 = -3*r. What are the prime factors of k?
113
Let m(x) = x**3 - 8*x**2 - 10*x + 13. Let t be m(9). Suppose -5*k = -5*o - 15, -t = o - 2*o. Let u = 10 + k. List the prime factors of u.
17
Let j = -4 + 17. What are the prime factors of j?
13
Let k(o) = 14*o**2 + o + 2. Let a be k(-1). Suppose 11*l - 8*l = a. What are the prime factors of l?
5
Suppose -15 = -4*n + 3*y - 1, -3*y = 4*n - 2. Suppose 5*k - 3*k = -4*p - 12, 5*k + n*p = -38. List the prime factors of 9/(-6)*k/6.
2
Let h = -6 + 6. Suppose h = -s - 6 + 20. List the prime factors of s.
2, 7
Let r be (-4)/(-10) - 74/10. Let m(g) = g**3 + 7*g**2 + g + 1. Let a be m(r). Let z = 14 + a. What are the prime factors of z?
2
Let v = 48 + -43. What are the prime factors of v?
5
Suppose -6*s - 2*j - 26 = -2*s, -3*j = 9. Let r(k) = k**3 + 6*k**2 + 5. Let o be r(s). Suppose -2*v = v - o. What are the prime factors of v?
2, 5
Let c be (-10)/(2 - 0)*-3. List the prime factors of ((-155)/c)/(4/(-12)).
31
Let g(b) = -2*b**3 + b + 1. Let s be g(-1). Let j be 59 - ((-2)/2 + s). What are the prime factors of 14/(-63) + j/18?
3
Suppose -y = -3*z - 201, 4*z = -y + 6*y - 1005. List the prime factors of y.
3, 67
Let n = 176 - 90. List the prime factors of n.
2, 43
Let v(x) = -8*x**2 - x. Let h be v(-1). Suppose 3*j = -1 + 10. List the prime factors of 1 + 3/j - h.
3
Let b(k) = 6*k - 2. Suppose -a - 48 = -5*a - 4*s, -4*a + 12 = -5*s. Let d = a - 6. List the prime factors of b(d).
2, 5
Let s be 13/3 + 22/33. Suppose -3*x = b - 90, -73 + 26 = -2*x - s*b. List the prime factors of x.
31
Let n(x) be the third derivative of -x**4/24 - 5*x**3/6 - 6*x**2. Suppose -p - 3*p - 52 = 4*i, -31 = 2*p + 3*i. What are the prime factors of n(p)?
3
Let d(j) = 5*j + 5. Let a be (-16)/48 - (-32)/6. What are the prime factors of d(a)?
2, 3, 5
Suppose -2*s = s. Suppose -3*l = 3*j - 4*j + 7, j - l = -3. Let k = s - j. List the prime factors of k.
2
Suppose -2*m - 3*i + 12 = m, 0 = 2*m - 4*i + 4. Suppose -2*k = -0*k - 2. Suppose -2*a + 26 = 2*r, 2*a = m*r + r + k. List the prime factors of a.
2
Suppose 0 = -3*f - t, -4*f + 6 + 1 = -t. Let n(o) = 17*o**2 + 1. What are the prime factors of n(f)?
2, 3
Suppose -5*b - 4*l + 224 = -l, 4*l = b - 31. What are the prime factors of b?
43
Let h be (-3)/(-9) - (-142)/6. Let u = h + -15. List the prime factors of u.
3
List the prime factors of 1/9 + 14900/36.
2, 3, 23
Let i(s) = s**3 + 2*s**2 - 2*s - 2. Suppose -k = -3*o - 6, -4*o + 0 = 3*k - 18. Let q = 8 - k. What are the prime factors of i(q)?
2, 5
Let k be (-275)/(-4) - 3/4. Let p be (-1 + 3)*k/8. Let b = -6 + p. What are the prime factors of b?
11
Let f = 12 - -74. List the prime factors of f.
2, 43
Suppose -s - 20 = -5. Let k = s + 25. List the prime factors of k.
2, 5
Let a = 40 + -1. List the prime factors of a.
3, 13
Suppose 8*o = 13*o + 250. Let k = -23 - o. List the prime factors of k.
3
Suppose -2*f - 3*i = 3*f - 49, -3*f = -4*i - 12. Suppose f = -5*s + 28. Suppose 0 = s*r - 2*k - 30, -4*r + 2*k - 26 = -7*r. List the prime factors of r.
2
Suppose -5*j = -98 - 7. List the prime factors of j.
3, 7
List the prime factors of 2 + -1 + (-33)/(-3).
2, 3
Suppose -2*r - 3*r - 2*o = 1094, 4*r = -4*o - 868. List the prime factors of 14/(-4)*r/77.
2, 5
Suppose 0 = 5*q + i - 521, -q = -4*i + 3*i - 109. What are the prime factors of q?
3, 5, 7
Suppose -c + 16 = -0*c. Suppose -n - 12 = -5*n, -2*s = -4*n - c. Suppose 4 = -2*l + 4*o, -l + 2*o = -3*l + s. List the prime factors of l.
2
Suppose 0 = 3*x - 45 - 21. Let d be x/6 + 4/(-6). Suppose 10 = d*a + 4*h, -2*h - 3*h + 20 = 5*a. List the prime factors of a.
2, 3
Let w(z) = -z**3 - 2*z**2 + 7*z + 5. Let k be w(-4). Let h = -4 + k. Suppose -c - 10 - 7 = -b, b + 7 = -h*c. List the prime factors of b.
13
Let o be (1 - -2)*(-3)/9. List the prime factors of -1 + o + 1 + 8.
7
Let t(r) = r**3 - 10*r**2 - 11*r - 1. Suppose 0*b + 33 = 3*b. Let a be t(b). Let q(o) = -8*o + 1. What are the prime factors of q(a)?
3
Suppose 56 = m - 29. List the prime factors of m.
5, 17
Suppose -5*b + 557 = a - 4*a, 0 = -3*b + 5*a + 331. List the prime factors of b.
2, 7
Let q(c) be the second derivative of -c**3/6 + 7*c**2 + c. List the prime factors of q(7).
7
Suppose 83 = y + u, 0*y - 401 = -5*y + 2*u. What are the prime factors of y?
3
Let z(u) = u**3 + 3*u**2 - 2*u + 3. Let w be z(-3). Let s = 16 - w. List the prime factors of s.
7
Let w = 24 - 26. Let d be 1 - (-3 - 0 - 0). Let t = d + w. List the prime factors of t.
2
Let i be 26/6 + (-8)/(-12). Let v = i - -5. What are the prime factors of v?
2, 5
Let l(f) = f**2 - f - 2. Let y be l(3). Suppose -q - y*q + 55 = 0. What are the prime factors of q?
11
Let x(h) = 5 - 4 - 2*h + h**2 + 5. Let z(f) = -2*f - 4. Let l be z(-4). What are the prime factors of x(l)?
2, 7
Suppose 29 + 15 = 3*l - 2*i, -2*l - 3*i = -12. Let w be (-9)/l*(-8)/(-2). What are the prime factors of 16/(-6)*w/2?
2
Let p(a) = -a**2 - 8*a + 7. Let g be p(-6). Let y = g - 12. Suppose j + 38 = 3*d, d + 2 = -4*j - y. List the prime factors of d.
11
Let s(v) = v**2 + 10*v + 1. Let m be s(-9). Let b(y) = -y**3 - 8*y**2 - 2*y - 11. List the prime factors of b(m).
5
Let f = -371 + 570. What are the prime factors of f?
199
Let w(f) = f - 13. Let y be w(10). Let b = 10 + y. List the prime factors of b.
7
Suppose 2*w = 3*w - 4*l + 2, -8 = -2*w - 4*l. Let x(b) = -3*b**3 + 4*b**3 + 0 + 2 + 0 - 10*b + 7*b**w. List the prime factors of x(-8).
2, 3
Suppose 4*s - 38 = 130. List the prime factors of s.
2, 3, 7
What are the prime factors of (-5)/3*(-7 - -4)?
5
Suppose 4*b - 3*a - 27 = 0, -3*b = 2*a + 3 - 2. Suppose 2*i = 3*q + b, -i - 4*q - 2 = 2. Let n = 10 - i. What are the prime factors of n?
2, 5
Suppose -3*g - 11 = 13. Let i(k) = -k**3 - 8*k**2 - 3*k - 2. What are the prime factors of i(g)?
2, 11
Suppose -o + 4 = g + 3, 4*g - 1 = -5*o. Suppose -g*z - 6 = -38. Suppose -m - m = -z. List the prime factors of m.
2
Suppose -3*j + 42 = -j. What are the prime factors of j?
3, 7
Suppose 2*q + 3*z = 205, -q - 2*z - z + 110 = 0. List the prime factors of q.
5, 19
Let m be (1 + 0)/1*156. Suppose 0 = -3*o - o + m. List the prime factors of o.
3, 13
Suppose 0 = -2*t + 3*z + 639, 3*t - 2*z = 496 + 450. List the prime factors of t.
2, 3, 13
Let g = 67 + -114. Let m = -11 - g. Let r = m - 13. List the prime factors of r.
23
Let l(n) = -n + 4. Let w be l(8). Let o(q) = -q**3 - 8*q**2 - 7*q + 3. Let x(y) = -y**2 - y + 1. Let u(g) = o(g) - 4*x(g). List the prime factors of u(w).
11
Let j(z) = -z - 3. Let x be j(-5). Suppose 6*k = x*k + 128. What are the prime factors of k?
2
Suppose -g + 2 - 11 = -2*l, l = 5*g + 27. Suppose -l*f + 20 = 3*f. Let k = 1 + f. List the prime factors of k.
5
List the prime factors of (54/(-24))/((-1)/16).
2, 3
Suppose 76 = 6*l - 2*l. What are the prime factors of (-1)/((1/l)/(-1))?
19
Suppose 4*m - m - 15 = 0. Suppose m*o = 2*t - 4*t + 50, 5*o = 2*t - 30. List the prime factors of t.
2, 5
Let v = -1 + 1. Suppose v = 4*k - 54 - 62. What are the prime factors of k?
29
Let o(f) = f**2 + f - 2. Suppose 0*g - 5*g + 50 = 0. Suppose 7*r - g = 2*r. List the prime factors of o(r).
2
Let x(i) = 3*i + 6. Let m(l) = -1. Let y(c) = m(c) + x(c). List the prime factors of y(5).
2, 5
Let a(c) = c**3 - 6*c**2 - 6*c - 2. What are the prime factors of a(7)?
5
Let o(m) = 11*m - 58. What are the prime factors of o(11)?
3, 7
Let i(m) = m**3 - m**2 + 1. Let 